{"id":13,"date":"2016-06-04T15:48:44","date_gmt":"2016-06-04T18:48:44","guid":{"rendered":"https:\/\/observaindigena.unb.br\/?page_id=13"},"modified":"2016-06-04T16:36:09","modified_gmt":"2016-06-04T19:36:09","slug":"contato","status":"publish","type":"page","link":"https:\/\/observaindigena.unb.br\/?page_id=13","title":{"rendered":"CONTATO"},"content":{"rendered":"<p><strong>N\u00facleo de Estudos em Sa\u00fade P\u00fablica da Universidade de Bras\u00edlia<\/strong><\/p>\n<p>SCLN 406 Bloco A 2\u00ba andar &#8211; Asa Norte<\/p>\n<p>Bras\u00edlia\/DF &#8211; CEP: 70847-510<\/p>\n<p>Fone: (55++61) 3340-6863<\/p>\n<p>&nbsp;<\/p>\n<p><strong>ESCREVA UMA MENSAGEM PARA O OBSERVAT\u00d3RIO IND\u00cdGENA ATRAV\u00c9S DO NOSSO FORMUL\u00c1RIO:<\/strong><\/p>\n[contact-form to=&#8217;observatoriodasaudeindigena@gmail.com&#8217; subject=&#8217;MENSAGEM VINDA DO SITE&#8217;][contact-field label=&#8217;Nome&#8217; type=&#8217;name&#8217; required=&#8217;1&#8217;\/][contact-field label=&#8217;Email&#8217; type=&#8217;email&#8217; required=&#8217;1&#8217;\/][contact-field label=&#8217;Coment\u00e1rio&#8217; type=&#8217;textarea&#8217; required=&#8217;1&#8217;\/][\/contact-form]\n","protected":false},"excerpt":{"rendered":"<p>N\u00facleo de Estudos em Sa\u00fade P\u00fablica da Universidade de Bras\u00edlia SCLN 406 Bloco A 2\u00ba andar &#8211; Asa Norte Bras\u00edlia\/DF &#8211; CEP: 70847-510 Fone: (55++61) 3340-6863 &nbsp; ESCREVA UMA MENSAGEM PARA O OBSERVAT\u00d3RIO IND\u00cdGENA ATRAV\u00c9S DO NOSSO FORMUL\u00c1RIO: [contact-form to=&#8217;observatoriodasaudeindigena@gmail.com&#8217;&#8230;<\/p>\n","protected":false},"author":1,"featured_media":0,"parent":7,"menu_order":0,"comment_status":"closed","ping_status":"closed","template":"templates\/fullwidth.php","meta":[],"_links":{"self":[{"href":"https:\/\/observaindigena.unb.br\/index.php?rest_route=\/wp\/v2\/pages\/13"}],"collection":[{"href":"https:\/\/observaindigena.unb.br\/index.php?rest_route=\/wp\/v2\/pages"}],"about":[{"href":"https:\/\/observaindigena.unb.br\/index.php?rest_route=\/wp\/v2\/types\/page"}],"author":[{"embeddable":true,"href":"https:\/\/observaindigena.unb.br\/index.php?rest_route=\/wp\/v2\/users\/1"}],"replies":[{"embeddable":true,"href":"https:\/\/observaindigena.unb.br\/index.php?rest_route=%2Fwp%2Fv2%2Fcomments&post=13"}],"version-history":[{"count":4,"href":"https:\/\/observaindigena.unb.br\/index.php?rest_route=\/wp\/v2\/pages\/13\/revisions"}],"predecessor-version":[{"id":82,"href":"https:\/\/observaindigena.unb.br\/index.php?rest_route=\/wp\/v2\/pages\/13\/revisions\/82"}],"up":[{"embeddable":true,"href":"https:\/\/observaindigena.unb.br\/index.php?rest_route=\/wp\/v2\/pages\/7"}],"wp:attachment":[{"href":"https:\/\/observaindigena.unb.br\/index.php?rest_route=%2Fwp%2Fv2%2Fmedia&parent=13"}],"curies":[{"name":"wp","href":"https:\/\/api.w.org\/{rel}","templated":true}]}}

<p><strong>Núcleo de Estudos em Saúde Pública da Universidade de Brasília</strong></p>
<p>SCLN 406 Bloco A 2º andar &#8211; Asa Norte</p>
<p>Brasília/DF &#8211; CEP: 70847-510</p>
<p>Fone: (55++61) 3340-6863</p>
<p>&nbsp;</p>
<p><strong>ESCREVA UMA MENSAGEM PARA O OBSERVATÓRIO INDÍGENA ATRAVÉS DO NOSSO FORMULÁRIO:</strong></p>
[contact-form to=&#8217;observatoriodasaudeindigena@gmail.com&#8217; subject=&#8217;MENSAGEM VINDA DO SITE&#8217;][contact-field label=&#8217;Nome&#8217; type=&#8217;name&#8217; required=&#8217;1&#8217;/][contact-field label=&#8217;Email&#8217; type=&#8217;email&#8217; required=&#8217;1&#8217;/][contact-field label=&#8217;Comentário&#8217; type=&#8217;textarea&#8217; required=&#8217;1&#8217;/][/contact-form]

<p>Núcleo de Estudos em Saúde Pública da Universidade de Brasília SCLN 406 Bloco A 2º andar &#8211; Asa Norte Brasília/DF &#8211; CEP: 70847-510 Fone: (55++61) 3340-6863 &nbsp; ESCREVA UMA MENSAGEM PARA O OBSERVATÓRIO INDÍGENA ATRAVÉS DO NOSSO FORMULÁRIO: [contact-form to=&#8217;observatoriodasaudeindigena@gmail.com&#8217;&#8230;</p>
